245?
True
Is 1520 a multiple of 3?
False
Is 10248 a multiple of 61?
True
Is 25 a factor of 95599?
False
Is 1042 a multiple of 24?
False
Does 51 divide 2499?
True
Is 3 a factor of 1552?
False
Is 20 a factor of 8206?
False
Is 506 a multiple of 23?
True
Is 25 even?
False
Is 752 a multiple of 33?
False
Is 1127 a multiple of 12?
False
Is 38 a factor of 1064?
True
Is 2 a factor of 146?
True
Is 33 a multiple of 11?
True
Is 346 a factor of 40136?
True
Is 1049 a multiple of 19?
False
Is 10 a factor of 396?
False
Is 219 a factor of 1201?
False
Is 146 a multiple of 24?
False
Is 8615 a multiple of 2?
False
Is 18 a factor of 117?
False
Is 3564 a multiple of 108?
True
Does 15 divide 14117?
False
Is 7 a factor of 161?
True
Does 62 divide 372?
True
Is 4240 a multiple of 51?
False
Is 2709 a multiple of 3?
True
Is 67 a factor of 12088?
False
Does 24 divide 174?
False
Is 17 a factor of 1137?
False
Is 2430 a multiple of 2?
True
Is 388 a factor of 75137?
False
Is 32135 a multiple of 252?
False
Is 60 a multiple of 6?
True
Does 13 divide 4135?
False
Is 11460 a multiple of 59?
False
Is 78 a factor of 2209?
False
Is 23765 a multiple of 35?
True
Is 2 a factor of 798?
True
Is 2694 a multiple of 93?
False
Is 144 a multiple of 8?
True
Is 26 a factor of 183?
False
Is 2 a factor of 495?
False
Is 27126 a multiple of 9?
True
Is 11 a factor of 18467?
False
Does 16 divide 192?
True
Does 61 divide 915?
True
Is 266 a multiple of 7?
True
Does 153 divide 8774?
False
Is 4 a factor of 2954?
False
Is 161 a factor of 7704?
False
Is 73 a factor of 13134?
False
Is 6 a factor of 4186?
False
Is 760 a multiple of 6?
False
Is 16 a factor of 21824?
True
Is 6 a factor of 26775?
False
Does 33 divide 4074?
False
Does 7 divide 1372?
True
Is 3 a factor of 2652?
True
Is 14 a factor of 6675?
False
Does 8 divide 351?
False
Does 6 divide 247?
False
Is 1932 a multiple of 7?
True
Is 3575 a multiple of 13?
True
Is 3 a factor of 266?
False
Is 20 a factor of 693?
False
Is 70771 a multiple of 200?
False
Does 177 divide 36993?
True
Does 10 divide 92890?
True
Is 9 a factor of 119?
False
Is 11340 a multiple of 14?
True
Does 11 divide 504?
False
Is 5 a factor of 53?
False
Is 22 a factor of 2838?
True
Is 211 a multiple of 2?
False
Is 35 a factor of 6761?
False
Is 7 a factor of 14168?
True
Does 13 divide 7826?
True
Does 6 divide 85?
False
Is 51 a factor of 45441?
True
Does 15 divide 20954?
False
Is 15 a factor of 62572?
False
Does 2 divide 1391?
False
Is 370 a multiple of 10?
True
Is 432 a multiple of 8?
True
Does 19 divide 3759?
False
Is 76 a factor of 4347?
False
Is 1143 a multiple of 13?
False
Is 63 a factor of 95?
False
Is 16 a factor of 40?
False
Is 793 a multiple of 13?
True
Does 16 divide 1824?
True
Does 120 divide 4535?
False
Is 550 a multiple of 13?
False
Is 299 a factor of 103753?
True
Is 5 a factor of 10435?
True
Is 14028 a multiple of 42?
True
Is 119 a factor of 5236?
True
Is 34248 a multiple of 9?
False
Does 11 divide 1158?
False
Is 398 a multiple of 12?
False
Is 37224 a multiple of 33?
True
Does 78 divide 606?
False
Is 5 a factor of 200?
True
Does 16 divide 80048?
True
Is 59760 a multiple of 15?
True
Does 82 divide 7287?
False
Is 16 a factor of 624?
True
Does 6 divide 1480?
False
Is 61 a factor of 8296?
True
Does 23 divide 20907?
True
Is 1800 a multiple of 30?
True
Is 3 a factor of 8734?
False
Is 18445 a multiple of 155?
True
Does 29 divide 1044?
True
Does 86 divide 3784?
True
Is 37 a factor of 15855?
False
Is 33 a factor of 2343?
True
Is 65 a multiple of 25?
False
Is 146 a factor of 734?
False
Does 8 divide 368?
True
Is 7 a factor of 1416?
False
Is 1761 a multiple of 110?
False
Is 19 a factor of 11881?
False
Is 15 a factor of 5850?
True
Does 23 divide 506?
True
Is 700 a multiple of 14?
True
Is 7326 a multiple of 66?
True
Does 23 divide 2191?
False
Is 2394 a multiple of 16?
False
Does 24 divide 950?
False
Is 8410 a multiple of 15?
False
Does 2 divide 1158?
True
Is 67 a factor of 34505?
True
Does 3 divide 365?
False
Is 24 a multiple of 6?
True
Does 116 divide 3364?
True
Is 1482 a multiple of 114?
True
Is 726 a multiple of 11?
True
Is 563 a multiple of 48?
False
Is 68 a factor of 9937?
False
Is 78 a factor of 90870?
True
Is 2964 a multiple of 26?
True
Is 2661 a multiple of 41?
False
Does 13 divide 624?
True
Is 2113 a multiple of 92?
False
Does 4 divide 204?
True
Does 3 divide 2836?
False
Is 18 a factor of 42315?
False
Does 50 divide 699?
False
Is 1989 a multiple of 13?
True
Does 55 divide 2365?
True
Is 2327 a multiple of 128?
False
Is 161 a multiple of 23?
True
Is 23 a factor of 7958?
True
Is 146 a factor of 17374?
True
Does 12 divide 1020?
True
Is 7672 a multiple of 20?
False
Does 58 divide 3565?
False
Is 31 a factor of 31070?
False
Is 13 a factor of 19630?
True
Is 100 a factor of 36717?
False
Is 4022 a multiple of 7?
False
Is 3726 a multiple of 12?
False
Does 7 divide 1786?
False
Does 47 divide 1420?
False
Is 5582 a multiple of 119?
False
Does 10 divide 22915?
False
Is 73 a factor of 949?
True
Is 18 a factor of 1147?
False
Is 9 a factor of 1403?
False
Does 13 divide 1647?
False
Is 14 a factor of 1632?
False
Is 27 a factor of 3780?
True
Is 523 a multiple of 23?
False
Is 2438 even?
True
Does 401 divide 22180?
False
Is 23512 a multiple of 29?
False
Is 7 a factor of 525?
True
Is 18 a factor of 1188?
True
Is 102 a factor of 27154?
False
Is 2975 a multiple of 7?
True
Does 4 divide 528?
True
Does 7 divide 1362?
False
Does 79 divide 2212?
True
Is 1273 a multiple of 67?
True
Does 19 divide 817?
True
Does 9 divide 288?
True
Is 270 a multiple of 54?
True
Is 1982 a multiple of 16?
False
Is 10 a factor of 370?
True
Does 9 divide 966?
False
Does 96 divide 16654?
False
Is 2895 a multiple of 15?
True
Is 4396 a multiple of 7?
True
Is 16 a factor of 4336?
True
Is 7516 a multiple of 2?
True
Does 24 divide 720?
True
Does 10 divide 1080?
True
Does 7 divide 1980?
False
Does 16 divide 16?
True
Is 29 a factor of 1032?
False
Is 10688 a multiple of 68?
False
Is 23 a factor of 138?
True
Does 23 divide 110493?
False
Is 29 a factor of 48227?
True
Is 115 a multiple of 5?
True
Is 228 a multiple of 9?
False
Is 2842 a multiple of 15?
False
Is 38 a factor of 4520?
False
Does 27 divide 2837?
False
Is 7338 a multiple of 127?
False
Is 121 a factor of 847?
True
Is 4251 a multiple of 36?
False
Is 13804 a multiple of 22?
False
Is 13 a factor of 7053?
False
Is 871 a multiple of 38?
False
Is 809 a multiple of 15?
False
Does 11 divide 6314?
True
Is 7800 a multiple of 39?
True
Is 8 a factor of 760?
True
Does 21 divide 8950?
False
Is 12943 a multiple of 39?
False
Is 86 a factor of 306?
False
Is 3358 a multiple of 4?
False
Is 703 a multiple of 26?
False
Is 82547 a multiple of 351?
False
Is 9626 a multiple of 17?
False
Is 17 a factor of 7157?
True
Is 47 a factor of 6815?
True
Does 65 divide 1820?
True
Is 21562 a multiple of 25?
False
Is 31710 a multiple of 42?
True
Is 6432 a multiple of 23?
False
Is 30 a factor of 90?
True
Does 132 divide 9415?
False
Is 89 a factor of 178?
True
Is 27648 a multiple of 54?
True
Does 35 divide 66634?
False
Does 13 divide 513?
False
Is 726 a multiple of 69?
False
Does 35 divide 74685?
False
Is 17878 a multiple of 14?
True
Is 58 a multiple of 5?
False
Does 27 divide 22425?
False
Is 6 a factor of 3251?
False
Is 7 a factor of 57?
False
Is 1984 a multiple of 64?
True
Does 2 divide 28?
True
Is 143 a factor of 4468?
False
Is 15 even?
False
Does 37 divide 22710?
False
Is 70 a multiple of 16?
False
Does 52 divide 936?
True
Is 78 a factor of 59202?
True
Is 3111 a multiple of 91?
False
Is 276 a factor of 28446?
False
Does 38 divide 28196?
True
Does 2 divide 545?
False
Is 24 a factor of 1392?
True
Is 15561 a multiple of 147?
False
Does 39 divide 67704?
True
Does 11 divide 5691?
False
Does 17 divide 493?
True
Does 32 divide 45312?
True
Is 55 a factor of 825?
True
Is 220 a multiple of 2?
True
Is 288 a multiple of 12?
True
Does 8 divide 128?
True
Does 9 divide 2628?
True
Does 31 divide 1302?
True
Is 48 a multiple of 6?
True
Is 38 a factor of 2248?
False
Does 73 divide 949?
True
Is 79 a factor of 26149?
True
Is 68 a factor of 12654?
False
Is 16241 a multiple of 109?
True
Is 226 even?
True
Is 498 a multiple of 11?
False
Is 65 a factor of 60385?
True
Is 15 a factor of 885?
True
Does 185 divide 925?
True
Is 25 a factor of 1735?
